{"id":278,"date":"2022-12-08T01:00:42","date_gmt":"2022-12-08T01:00:42","guid":{"rendered":"https:\/\/cpsolucoes.pt\/?page_id=278"},"modified":"2025-10-13T08:49:14","modified_gmt":"2025-10-13T08:49:14","slug":"contacto","status":"publish","type":"page","link":"https:\/\/cpsolucoes.pt\/?page_id=278","title":{"rendered":"Contacto"},"content":{"rendered":"\t\t<div data-elementor-type=\"wp-page\" data-elementor-id=\"278\" class=\"elementor elementor-278\">\n\t\t\t\t\t\t<section class=\"elementor-section elementor-top-section elementor-element elementor-element-0571165 elementor-section-height-full elementor-section-items-stretch elementor-section-stretched elementor-section-boxed elementor-section-height-default\" data-id=\"0571165\" data-element_type=\"section\" data-e-type=\"section\" data-settings=\"{&quot;stretch_section&quot;:&quot;section-stretched&quot;,&quot;background_background&quot;:&quot;slideshow&quot;,&quot;background_slideshow_gallery&quot;:[{&quot;id&quot;:209,&quot;url&quot;:&quot;https:\\\/\\\/cpsolucoes.pt\\\/wp-content\\\/uploads\\\/2022\\\/12\\\/board_bw-scaled.jpg&quot;}],&quot;background_slideshow_loop&quot;:&quot;yes&quot;,&quot;background_slideshow_slide_duration&quot;:5000,&quot;background_slideshow_slide_transition&quot;:&quot;fade&quot;,&quot;background_slideshow_transition_duration&quot;:500}\">\n\t\t\t\t\t\t<div class=\"elementor-container elementor-column-gap-default\">\n\t\t\t\t\t<div class=\"elementor-column elementor-col-100 elementor-top-column elementor-element elementor-element-66e0f23\" data-id=\"66e0f23\" data-element_type=\"column\" data-e-type=\"column\">\n\t\t\t<div class=\"elementor-widget-wrap elementor-element-populated\">\n\t\t\t\t\t\t<div class=\"elementor-element elementor-element-fe20fde elementor-widget elementor-widget-wpforms\" data-id=\"fe20fde\" data-element_type=\"widget\" data-e-type=\"widget\" data-widget_type=\"wpforms.default\">\n\t\t\t\t<div class=\"elementor-widget-container\">\n\t\t\t\t\t<div class=\"wpforms-container wpforms-container-full\" id=\"wpforms-140\"><form id=\"wpforms-form-140\" class=\"wpforms-validate wpforms-form\" data-formid=\"140\" method=\"post\" enctype=\"multipart\/form-data\" action=\"\/index.php?rest_route=%2Fwp%2Fv2%2Fpages%2F278\" data-token=\"d810c532d8d9135d17414bd3a059d450\" data-token-time=\"1776818655\"><noscript class=\"wpforms-error-noscript\">Please enable JavaScript in your browser to complete this form.<\/noscript><div class=\"wpforms-field-container\"><div id=\"wpforms-140-field_2-container\" class=\"wpforms-field wpforms-field-name\" data-field-id=\"2\"><label class=\"wpforms-field-label\">Nome <span class=\"wpforms-required-label\">*<\/span><\/label><div class=\"wpforms-field-row wpforms-field-medium\"><div class=\"wpforms-field-row-block wpforms-first wpforms-one-half\"><input type=\"text\" id=\"wpforms-140-field_2\" class=\"wpforms-field-name-first wpforms-field-required\" name=\"wpforms[fields][2][first]\" required><label for=\"wpforms-140-field_2\" class=\"wpforms-field-sublabel after\">First<\/label><\/div><div class=\"wpforms-field-row-block wpforms-one-half\"><input type=\"text\" id=\"wpforms-140-field_2-last\" class=\"wpforms-field-name-last wpforms-field-required\" name=\"wpforms[fields][2][last]\" required><label for=\"wpforms-140-field_2-last\" class=\"wpforms-field-sublabel after\">Last<\/label><\/div><\/div><\/div><div id=\"wpforms-140-field_6-container\" class=\"wpforms-field wpforms-field-name\" data-field-id=\"6\"><label class=\"wpforms-field-label\" for=\"wpforms-140-field_6\">Telefone <span class=\"wpforms-required-label\">*<\/span><\/label><input type=\"text\" id=\"wpforms-140-field_6\" class=\"wpforms-field-small wpforms-field-required\" name=\"wpforms[fields][6]\" required><\/div><div id=\"wpforms-140-field_4-container\" class=\"wpforms-field wpforms-field-email\" data-field-id=\"4\"><label class=\"wpforms-field-label\" for=\"wpforms-140-field_4\">Email <span class=\"wpforms-required-label\">*<\/span><\/label><input type=\"email\" id=\"wpforms-140-field_4\" class=\"wpforms-field-medium wpforms-field-required\" name=\"wpforms[fields][4]\" spellcheck=\"false\" required><\/div><div id=\"wpforms-140-field_5-container\" class=\"wpforms-field wpforms-field-radio\" data-field-id=\"5\"><label class=\"wpforms-field-label\">Equipamento para reparar<\/label><ul id=\"wpforms-140-field_5\"><li class=\"choice-1 depth-1\"><input type=\"radio\" id=\"wpforms-140-field_5_1\" name=\"wpforms[fields][5]\" value=\"Painel de Instrumentos\"  ><label class=\"wpforms-field-label-inline\" for=\"wpforms-140-field_5_1\">Painel de Instrumentos<\/label><\/li><li class=\"choice-2 depth-1\"><input type=\"radio\" id=\"wpforms-140-field_5_2\" name=\"wpforms[fields][5]\" value=\"Unidade de Comando de Motor (Ecu)\"  ><label class=\"wpforms-field-label-inline\" for=\"wpforms-140-field_5_2\">Unidade de Comando de Motor (Ecu)<\/label><\/li><li class=\"choice-3 depth-1\"><input type=\"radio\" id=\"wpforms-140-field_5_3\" name=\"wpforms[fields][5]\" value=\"Unidade de Comando de Carro\u00e7aria (BCM)\"  ><label class=\"wpforms-field-label-inline\" for=\"wpforms-140-field_5_3\">Unidade de Comando de Carro\u00e7aria (BCM)<\/label><\/li><li class=\"choice-4 depth-1\"><input type=\"radio\" id=\"wpforms-140-field_5_4\" name=\"wpforms[fields][5]\" value=\"Outro\"  ><label class=\"wpforms-field-label-inline\" for=\"wpforms-140-field_5_4\">Outro<\/label><\/li><\/ul><\/div><div id=\"wpforms-140-field_1-container\" class=\"wpforms-field wpforms-field-textarea\" data-field-id=\"1\"><label class=\"wpforms-field-label\" for=\"wpforms-140-field_1\">Descri\u00e7\u00e3o <span class=\"wpforms-required-label\">*<\/span><\/label><textarea id=\"wpforms-140-field_1\" class=\"wpforms-field-medium wpforms-field-required\" name=\"wpforms[fields][1]\" required><\/textarea><\/div><\/div><!-- .wpforms-field-container --><div class=\"wpforms-submit-container\" ><input type=\"hidden\" name=\"wpforms[id]\" value=\"140\"><input type=\"hidden\" name=\"page_title\" value=\"\"><input type=\"hidden\" name=\"page_url\" value=\"https:\/\/cpsolucoes.pt\/index.php?rest_route=\/wp\/v2\/pages\/278\"><input type=\"hidden\" name=\"url_referer\" value=\"\"><button type=\"submit\" name=\"wpforms[submit]\" id=\"wpforms-submit-140\" class=\"wpforms-submit\" data-alt-text=\"A enviar...\" data-submit-text=\"Submeter\" aria-live=\"assertive\" value=\"wpforms-submit\">Submeter<\/button><\/div><\/form><\/div>  <!-- .wpforms-container -->\t\t\t\t<\/div>\n\t\t\t\t<\/div>\n\t\t\t\t<div class=\"elementor-element elementor-element-d990b0d elementor-widget elementor-widget-spacer\" data-id=\"d990b0d\" data-element_type=\"widget\" data-e-type=\"widget\" data-widget_type=\"spacer.default\">\n\t\t\t\t<div class=\"elementor-widget-container\">\n\t\t\t\t\t\t\t<div class=\"elementor-spacer\">\n\t\t\t<div class=\"elementor-spacer-inner\"><\/div>\n\t\t<\/div>\n\t\t\t\t\t\t<\/div>\n\t\t\t\t<\/div>\n\t\t\t\t\t<\/div>\n\t\t<\/div>\n\t\t\t\t\t<\/div>\n\t\t<\/section>\n\t\t\t\t<section class=\"elementor-section elementor-top-section elementor-element elementor-element-7ea102a elementor-section-boxed elementor-section-height-default elementor-section-height-default\" data-id=\"7ea102a\" data-element_type=\"section\" data-e-type=\"section\">\n\t\t\t\t\t\t<div class=\"elementor-container elementor-column-gap-default\">\n\t\t\t\t\t<div class=\"elementor-column elementor-col-100 elementor-top-column elementor-element elementor-element-4582c35\" data-id=\"4582c35\" data-element_type=\"column\" data-e-type=\"column\">\n\t\t\t<div class=\"elementor-widget-wrap elementor-element-populated\">\n\t\t\t\t\t\t<div class=\"elementor-element elementor-element-6b9efcb elementor-widget elementor-widget-spacer\" data-id=\"6b9efcb\" data-element_type=\"widget\" data-e-type=\"widget\" data-widget_type=\"spacer.default\">\n\t\t\t\t<div class=\"elementor-widget-container\">\n\t\t\t\t\t\t\t<div class=\"elementor-spacer\">\n\t\t\t<div class=\"elementor-spacer-inner\"><\/div>\n\t\t<\/div>\n\t\t\t\t\t\t<\/div>\n\t\t\t\t<\/div>\n\t\t\t\t<div class=\"elementor-element elementor-element-a624254 elementor-widget__width-inherit elementor-widget elementor-widget-text-editor\" data-id=\"a624254\" data-element_type=\"widget\" data-e-type=\"widget\" data-widget_type=\"text-editor.default\">\n\t\t\t\t<div class=\"elementor-widget-container\">\n\t\t\t\t\t\t\t\t\t<p>C\u00e9lula Pioneira Solu\u00e7\u00f5es Electr\u00f3nicas<\/p>\t\t\t\t\t\t\t\t<\/div>\n\t\t\t\t<\/div>\n\t\t\t\t<div class=\"elementor-element elementor-element-45da85d elementor-widget__width-inherit elementor-widget elementor-widget-text-editor\" data-id=\"45da85d\" data-element_type=\"widget\" data-e-type=\"widget\" data-widget_type=\"text-editor.default\">\n\t\t\t\t<div class=\"elementor-widget-container\">\n\t\t\t\t\t\t\t\t\t<p>Empresa Especializada em Repara\u00e7\u00e3o de Equipamento Electr\u00f3nico para M\u00e1quinas e Ve\u00edculos<\/p>\t\t\t\t\t\t\t\t<\/div>\n\t\t\t\t<\/div>\n\t\t\t\t<div class=\"elementor-element elementor-element-dd679a0 elementor-icon-list--layout-inline elementor-list-item-link-inline elementor-align-center elementor-widget elementor-widget-icon-list\" data-id=\"dd679a0\" data-element_type=\"widget\" data-e-type=\"widget\" data-widget_type=\"icon-list.default\">\n\t\t\t\t<div class=\"elementor-widget-container\">\n\t\t\t\t\t\t\t<ul class=\"elementor-icon-list-items elementor-inline-items\">\n\t\t\t\t\t\t\t<li class=\"elementor-icon-list-item elementor-inline-item\">\n\t\t\t\t\t\t\t\t\t\t\t<a href=\"https:\/\/cpsolucoes.pt\/?page_id=207\">\n\n\t\t\t\t\t\t\t\t\t\t\t\t<span class=\"elementor-icon-list-icon\">\n\t\t\t\t\t\t\t<i aria-hidden=\"true\" class=\"icon icon-home1\"><\/i>\t\t\t\t\t\t<\/span>\n\t\t\t\t\t\t\t\t\t\t<span class=\"elementor-icon-list-text\"><\/span>\n\t\t\t\t\t\t\t\t\t\t\t<\/a>\n\t\t\t\t\t\t\t\t\t<\/li>\n\t\t\t\t\t\t\t\t<li class=\"elementor-icon-list-item elementor-inline-item\">\n\t\t\t\t\t\t\t\t\t\t\t<a href=\"https:\/\/cpsolucoes.pt\/?page_id=278\">\n\n\t\t\t\t\t\t\t\t\t\t\t\t<span class=\"elementor-icon-list-icon\">\n\t\t\t\t\t\t\t<i aria-hidden=\"true\" class=\"icon icon-email\"><\/i>\t\t\t\t\t\t<\/span>\n\t\t\t\t\t\t\t\t\t\t<span class=\"elementor-icon-list-text\"><\/span>\n\t\t\t\t\t\t\t\t\t\t\t<\/a>\n\t\t\t\t\t\t\t\t\t<\/li>\n\t\t\t\t\t\t\t\t<li class=\"elementor-icon-list-item elementor-inline-item\">\n\t\t\t\t\t\t\t\t\t\t\t<span class=\"elementor-icon-list-icon\">\n\t\t\t\t\t\t\t<i aria-hidden=\"true\" class=\"icon icon-google-map\"><\/i>\t\t\t\t\t\t<\/span>\n\t\t\t\t\t\t\t\t\t\t<span class=\"elementor-icon-list-text\"><\/span>\n\t\t\t\t\t\t\t\t\t<\/li>\n\t\t\t\t\t\t\t\t<li class=\"elementor-icon-list-item elementor-inline-item\">\n\t\t\t\t\t\t\t\t\t\t\t<a href=\"http:\/\/suporte.cpsolucoes.pt\">\n\n\t\t\t\t\t\t\t\t\t\t\t\t<span class=\"elementor-icon-list-icon\">\n\t\t\t\t\t\t\t<i aria-hidden=\"true\" class=\"icon icon-support1\"><\/i>\t\t\t\t\t\t<\/span>\n\t\t\t\t\t\t\t\t\t\t<span class=\"elementor-icon-list-text\"><\/span>\n\t\t\t\t\t\t\t\t\t\t\t<\/a>\n\t\t\t\t\t\t\t\t\t<\/li>\n\t\t\t\t\t\t\t\t<li class=\"elementor-icon-list-item elementor-inline-item\">\n\t\t\t\t\t\t\t\t\t\t\t<a href=\"tel:210996019\">\n\n\t\t\t\t\t\t\t\t\t\t\t\t<span class=\"elementor-icon-list-icon\">\n\t\t\t\t\t\t\t<i aria-hidden=\"true\" class=\"icon icon-phone\"><\/i>\t\t\t\t\t\t<\/span>\n\t\t\t\t\t\t\t\t\t\t<span class=\"elementor-icon-list-text\">+351 916 670 319<\/span>\n\t\t\t\t\t\t\t\t\t\t\t<\/a>\n\t\t\t\t\t\t\t\t\t<\/li>\n\t\t\t\t\t\t<\/ul>\n\t\t\t\t\t\t<\/div>\n\t\t\t\t<\/div>\n\t\t\t\t<div class=\"elementor-element elementor-element-2ed16cf elementor-widget elementor-widget-text-editor\" data-id=\"2ed16cf\" data-element_type=\"widget\" data-e-type=\"widget\" data-widget_type=\"text-editor.default\">\n\t\t\t\t<div class=\"elementor-widget-container\">\n\t\t\t\t\t\t\t\t\t<p>Copyright @2022 C\u00e9lula Pioneira<\/p>\t\t\t\t\t\t\t\t<\/div>\n\t\t\t\t<\/div>\n\t\t\t\t\t<\/div>\n\t\t<\/div>\n\t\t\t\t\t<\/div>\n\t\t<\/section>\n\t\t\t\t<\/div>\n\t\t","protected":false},"excerpt":{"rendered":"<p>Please enable JavaScript in your browser to complete this form.Nome *FirstLastTelefone *Email *Equipamento para reparar Painel de Instrumentos Unidade de Comando de Motor (Ecu) Unidade de Comando de Carro\u00e7aria (BCM) Outro Descri\u00e7\u00e3o * Submeter C\u00e9lula Pioneira Solu\u00e7\u00f5es Electr\u00f3nicas Empresa Especializada em Repara\u00e7\u00e3o de Equipamento Electr\u00f3nico para M\u00e1quinas e Ve\u00edculos +351 916 670 319 Copyright @2022 [&hellip;]<\/p>\n","protected":false},"author":1,"featured_media":0,"parent":0,"menu_order":0,"comment_status":"closed","ping_status":"closed","template":"","meta":{"footnotes":""},"class_list":["post-278","page","type-page","status-publish","hentry"],"yoast_head":"<!-- This site is optimized with the Yoast SEO plugin v27.4 - https:\/\/yoast.com\/product\/yoast-seo-wordpress\/ -->\n<title>Contacto - C\u00e9lula Pioneira Solu\u00e7\u00f5es electr\u00f3nicas<\/title>\n<meta name=\"robots\" content=\"index, follow, max-snippet:-1, max-image-preview:large, max-video-preview:-1\" \/>\n<link rel=\"canonical\" href=\"https:\/\/cpsolucoes.pt\/?page_id=278\" \/>\n<meta property=\"og:locale\" content=\"pt_PT\" \/>\n<meta property=\"og:type\" content=\"article\" \/>\n<meta property=\"og:title\" content=\"Contacto - C\u00e9lula Pioneira Solu\u00e7\u00f5es electr\u00f3nicas\" \/>\n<meta property=\"og:description\" content=\"Please enable JavaScript in your browser to complete this form.Nome *FirstLastTelefone *Email *Equipamento para reparar Painel de Instrumentos Unidade de Comando de Motor (Ecu) Unidade de Comando de Carro\u00e7aria (BCM) Outro Descri\u00e7\u00e3o * Submeter C\u00e9lula Pioneira Solu\u00e7\u00f5es Electr\u00f3nicas Empresa Especializada em Repara\u00e7\u00e3o de Equipamento Electr\u00f3nico para M\u00e1quinas e Ve\u00edculos +351 916 670 319 Copyright @2022 [&hellip;]\" \/>\n<meta property=\"og:url\" content=\"https:\/\/cpsolucoes.pt\/?page_id=278\" \/>\n<meta property=\"og:site_name\" content=\"C\u00e9lula Pioneira Solu\u00e7\u00f5es electr\u00f3nicas\" \/>\n<meta property=\"article:modified_time\" content=\"2025-10-13T08:49:14+00:00\" \/>\n<meta name=\"twitter:card\" content=\"summary_large_image\" \/>\n<meta name=\"twitter:label1\" content=\"Tempo estimado de leitura\" \/>\n\t<meta name=\"twitter:data1\" content=\"1 minuto\" \/>\n<script type=\"application\/ld+json\" class=\"yoast-schema-graph\">{\"@context\":\"https:\\\/\\\/schema.org\",\"@graph\":[{\"@type\":\"WebPage\",\"@id\":\"https:\\\/\\\/cpsolucoes.pt\\\/?page_id=278\",\"url\":\"https:\\\/\\\/cpsolucoes.pt\\\/?page_id=278\",\"name\":\"Contacto - C\u00e9lula Pioneira Solu\u00e7\u00f5es electr\u00f3nicas\",\"isPartOf\":{\"@id\":\"https:\\\/\\\/cpsolucoes.pt\\\/#website\"},\"datePublished\":\"2022-12-08T01:00:42+00:00\",\"dateModified\":\"2025-10-13T08:49:14+00:00\",\"breadcrumb\":{\"@id\":\"https:\\\/\\\/cpsolucoes.pt\\\/?page_id=278#breadcrumb\"},\"inLanguage\":\"pt-PT\",\"potentialAction\":[{\"@type\":\"ReadAction\",\"target\":[\"https:\\\/\\\/cpsolucoes.pt\\\/?page_id=278\"]}]},{\"@type\":\"BreadcrumbList\",\"@id\":\"https:\\\/\\\/cpsolucoes.pt\\\/?page_id=278#breadcrumb\",\"itemListElement\":[{\"@type\":\"ListItem\",\"position\":1,\"name\":\"In\u00edcio\",\"item\":\"https:\\\/\\\/cpsolucoes.pt\\\/\"},{\"@type\":\"ListItem\",\"position\":2,\"name\":\"Contacto\"}]},{\"@type\":\"WebSite\",\"@id\":\"https:\\\/\\\/cpsolucoes.pt\\\/#website\",\"url\":\"https:\\\/\\\/cpsolucoes.pt\\\/\",\"name\":\"C\u00e9lula Pioneira Solu\u00e7\u00f5es electr\u00f3nicas\",\"description\":\"Repara\u00e7\u00e3o equipamento electr\u00f3nico\",\"publisher\":{\"@id\":\"https:\\\/\\\/cpsolucoes.pt\\\/#organization\"},\"potentialAction\":[{\"@type\":\"SearchAction\",\"target\":{\"@type\":\"EntryPoint\",\"urlTemplate\":\"https:\\\/\\\/cpsolucoes.pt\\\/?s={search_term_string}\"},\"query-input\":{\"@type\":\"PropertyValueSpecification\",\"valueRequired\":true,\"valueName\":\"search_term_string\"}}],\"inLanguage\":\"pt-PT\"},{\"@type\":\"Organization\",\"@id\":\"https:\\\/\\\/cpsolucoes.pt\\\/#organization\",\"name\":\"C\u00e9lula Pioneira Solu\u00e7\u00f5es electr\u00f3nicas\",\"url\":\"https:\\\/\\\/cpsolucoes.pt\\\/\",\"logo\":{\"@type\":\"ImageObject\",\"inLanguage\":\"pt-PT\",\"@id\":\"https:\\\/\\\/cpsolucoes.pt\\\/#\\\/schema\\\/logo\\\/image\\\/\",\"url\":\"https:\\\/\\\/cpsolucoes.pt\\\/wp-content\\\/uploads\\\/2022\\\/12\\\/cropped-400dpiLogo_gr_ye.jpg\",\"contentUrl\":\"https:\\\/\\\/cpsolucoes.pt\\\/wp-content\\\/uploads\\\/2022\\\/12\\\/cropped-400dpiLogo_gr_ye.jpg\",\"width\":1283,\"height\":1384,\"caption\":\"C\u00e9lula Pioneira Solu\u00e7\u00f5es electr\u00f3nicas\"},\"image\":{\"@id\":\"https:\\\/\\\/cpsolucoes.pt\\\/#\\\/schema\\\/logo\\\/image\\\/\"}}]}<\/script>\n<!-- \/ Yoast SEO plugin. -->","yoast_head_json":{"title":"Contacto - C\u00e9lula Pioneira Solu\u00e7\u00f5es electr\u00f3nicas","robots":{"index":"index","follow":"follow","max-snippet":"max-snippet:-1","max-image-preview":"max-image-preview:large","max-video-preview":"max-video-preview:-1"},"canonical":"https:\/\/cpsolucoes.pt\/?page_id=278","og_locale":"pt_PT","og_type":"article","og_title":"Contacto - C\u00e9lula Pioneira Solu\u00e7\u00f5es electr\u00f3nicas","og_description":"Please enable JavaScript in your browser to complete this form.Nome *FirstLastTelefone *Email *Equipamento para reparar Painel de Instrumentos Unidade de Comando de Motor (Ecu) Unidade de Comando de Carro\u00e7aria (BCM) Outro Descri\u00e7\u00e3o * Submeter C\u00e9lula Pioneira Solu\u00e7\u00f5es Electr\u00f3nicas Empresa Especializada em Repara\u00e7\u00e3o de Equipamento Electr\u00f3nico para M\u00e1quinas e Ve\u00edculos +351 916 670 319 Copyright @2022 [&hellip;]","og_url":"https:\/\/cpsolucoes.pt\/?page_id=278","og_site_name":"C\u00e9lula Pioneira Solu\u00e7\u00f5es electr\u00f3nicas","article_modified_time":"2025-10-13T08:49:14+00:00","twitter_card":"summary_large_image","twitter_misc":{"Tempo estimado de leitura":"1 minuto"},"schema":{"@context":"https:\/\/schema.org","@graph":[{"@type":"WebPage","@id":"https:\/\/cpsolucoes.pt\/?page_id=278","url":"https:\/\/cpsolucoes.pt\/?page_id=278","name":"Contacto - C\u00e9lula Pioneira Solu\u00e7\u00f5es electr\u00f3nicas","isPartOf":{"@id":"https:\/\/cpsolucoes.pt\/#website"},"datePublished":"2022-12-08T01:00:42+00:00","dateModified":"2025-10-13T08:49:14+00:00","breadcrumb":{"@id":"https:\/\/cpsolucoes.pt\/?page_id=278#breadcrumb"},"inLanguage":"pt-PT","potentialAction":[{"@type":"ReadAction","target":["https:\/\/cpsolucoes.pt\/?page_id=278"]}]},{"@type":"BreadcrumbList","@id":"https:\/\/cpsolucoes.pt\/?page_id=278#breadcrumb","itemListElement":[{"@type":"ListItem","position":1,"name":"In\u00edcio","item":"https:\/\/cpsolucoes.pt\/"},{"@type":"ListItem","position":2,"name":"Contacto"}]},{"@type":"WebSite","@id":"https:\/\/cpsolucoes.pt\/#website","url":"https:\/\/cpsolucoes.pt\/","name":"C\u00e9lula Pioneira Solu\u00e7\u00f5es electr\u00f3nicas","description":"Repara\u00e7\u00e3o equipamento electr\u00f3nico","publisher":{"@id":"https:\/\/cpsolucoes.pt\/#organization"},"potentialAction":[{"@type":"SearchAction","target":{"@type":"EntryPoint","urlTemplate":"https:\/\/cpsolucoes.pt\/?s={search_term_string}"},"query-input":{"@type":"PropertyValueSpecification","valueRequired":true,"valueName":"search_term_string"}}],"inLanguage":"pt-PT"},{"@type":"Organization","@id":"https:\/\/cpsolucoes.pt\/#organization","name":"C\u00e9lula Pioneira Solu\u00e7\u00f5es electr\u00f3nicas","url":"https:\/\/cpsolucoes.pt\/","logo":{"@type":"ImageObject","inLanguage":"pt-PT","@id":"https:\/\/cpsolucoes.pt\/#\/schema\/logo\/image\/","url":"https:\/\/cpsolucoes.pt\/wp-content\/uploads\/2022\/12\/cropped-400dpiLogo_gr_ye.jpg","contentUrl":"https:\/\/cpsolucoes.pt\/wp-content\/uploads\/2022\/12\/cropped-400dpiLogo_gr_ye.jpg","width":1283,"height":1384,"caption":"C\u00e9lula Pioneira Solu\u00e7\u00f5es electr\u00f3nicas"},"image":{"@id":"https:\/\/cpsolucoes.pt\/#\/schema\/logo\/image\/"}}]}},"jetpack_sharing_enabled":true,"_links":{"self":[{"href":"https:\/\/cpsolucoes.pt\/index.php?rest_route=\/wp\/v2\/pages\/278","targetHints":{"allow":["GET"]}}],"collection":[{"href":"https:\/\/cpsolucoes.pt\/index.php?rest_route=\/wp\/v2\/pages"}],"about":[{"href":"https:\/\/cpsolucoes.pt\/index.php?rest_route=\/wp\/v2\/types\/page"}],"author":[{"embeddable":true,"href":"https:\/\/cpsolucoes.pt\/index.php?rest_route=\/wp\/v2\/users\/1"}],"replies":[{"embeddable":true,"href":"https:\/\/cpsolucoes.pt\/index.php?rest_route=%2Fwp%2Fv2%2Fcomments&post=278"}],"version-history":[{"count":34,"href":"https:\/\/cpsolucoes.pt\/index.php?rest_route=\/wp\/v2\/pages\/278\/revisions"}],"predecessor-version":[{"id":502,"href":"https:\/\/cpsolucoes.pt\/index.php?rest_route=\/wp\/v2\/pages\/278\/revisions\/502"}],"wp:attachment":[{"href":"https:\/\/cpsolucoes.pt\/index.php?rest_route=%2Fwp%2Fv2%2Fmedia&parent=278"}],"curies":[{"name":"wp","href":"https:\/\/api.w.org\/{rel}","templated":true}]}}